(-4). What is the highest common divisor of 48 and p?
48
Let p be (-2)/(-3)*-54*(-36)/16. Suppose -o = 3 - 19. Suppose -o = 4*w, 2*w + 53 + 90 = 5*k. Calculate the highest common divisor of p and k.
27
Suppose -4 = -2*m, 12*m - 11*m = -j + 542. What is the greatest common factor of 50 and j?
10
Let v be (-18)/45 + (-657)/(-5). Suppose 0 = 414*c - 419*c - 295. Let u = c + v. Calculate the highest common factor of 9 and u.
9
Let t(f) = -f + 2*f**2 - 2*f**2 - 2*f**3 - 3*f**2. Let n be t(-2). Suppose 36*r - 106 - 542 = 0. What is the greatest common factor of n and r?
6
Let m(p) = -5*p - 6. Let t be m(-8). Let g = -2008 + 2076. Calculate the greatest common divisor of t and g.
34
Suppose 7424 = 126*f - 3907 - 6813. Calculate the greatest common divisor of 296 and f.
8
Let d(o) = -17*o + 250. Let f be d(-6). What is the greatest common factor of f and 154?
22
Suppose 4*u = -y + 15549, -43*y = -41*y - 6*u - 31014. What is the greatest common factor of y and 9?
9
Suppose -460 + 1765 = -5*o. Let n = o + 274. What is the greatest common factor of 364 and n?
13
Let u be 4/62 - 2047/(-1426) - (-125)/2. Suppose 2*p - 25 = 71. What is the greatest common divisor of p and u?
16
Suppose 5*c - 11 = -3*q + c, -c - 1 = 0. Suppose 4*f = f + 6. Suppose -f*p + 3 = -q*g, -2*p = 6*g - 3*g - 11. Calculate the highest common factor of 10 and p.
2
Suppose -175 = -i - 3*t, -377 = -2*i - 2*t + 5*t. Let j be (71 - 73)*1*-4. Calculate the highest common divisor of j and i.
8
Let d be (64/6)/((-2)/(-6)). Suppose -3*w + 76 = -d. What is the greatest common factor of w and 9?
9
Let o = -46 - 86. Let h be o/(-297) + 41/9. What is the highest common factor of 1 and h?
1
Let k be (658/3 - 0)*(-13 + -18 + 34). What is the greatest common factor of k and 14?
14
Suppose 84 = -x + 5*x. Let o(q) = 28*q**2 + 52*q - 111. Let r be o(2). Calculate the highest common divisor of x and r.
21
Let x be -3*(-6)/(-9)*(-69 + -7). Suppose -x - 58 = -3*q. What is the greatest common divisor of 20 and q?
10
Let d(o) = -o**2 + 28*o - 87. Let a be d(13). What is the highest common factor of 3006 and a?
18
Suppose -16*r = -18*r + x + 1449, 3*r - 3*x = 2169. What is the highest common divisor of 297 and r?
33
Let g be 8 - ((-96)/(-8))/(-3). Let l be -10*(-2)/g*69. What is the greatest common factor of l and 5?
5
Let j(o) = -159*o**2 - o + 4. Let w be j(2). Let g = -620 - w. Let l(a) = 13*a**2 + 1. Let d be l(-1). Calculate the greatest common divisor of g and d.
14
Suppose 0 = -5*z + 5 - 0. Let l be -4 - ((-2)/1 + z). Let h be l + 636/16 - (-2)/8. Calculate the greatest common divisor of 333 and h.
37
Suppose -4*m - 878 = -3*p - 0*m, 5*m - 1150 = -4*p. Let s = -279 + p. Let x(v) = -v**3 + v + 66. Let z be x(0). What is the highest common divisor of s and z?
11
Let y be 5/15*(1069 + -1 - -3). Let h = y + -285. Calculate the greatest common divisor of 198 and h.
18
Let w(q) = 199*q**2 + 3758*q - 21. Let g be w(-19). Calculate the highest common divisor of 130 and g.
26
Suppose 1360 = -42*m + 45*m + 5*x, 0 = 5*m - x - 2248. Let d = 825 - m. What is the highest common divisor of d and 75?
75
Let x be (-27)/(-36) + (-3)/8*-254. Let c = x - 84. Calculate the highest common divisor of 276 and c.
12
Suppose -1506 = 69*b - 54636. Calculate the highest common factor of 560 and b.
70
Let y(t) = -t**2 + t - 1. Let p(x) = -3*x**3 - 16*x**2 + 2*x - 11. Let m(q) = p(q) - 6*y(q). Let u be m(-4). Calculate the highest common factor of u and 387.
43
Let n = 4395 - 2442. Calculate the greatest common divisor of n and 27.
9
Let x be 91 + 1 + 3/(6/(-4)). Let n be -57*1/(-1) - (-12)/(-4). What is the greatest common divisor of x and n?
18
Suppose 170 + 10 = -6*x. Let y = x + 32. Suppose 0 = -q + 5*n - 3*n + 54, -117 = -y*q + n. What is the greatest common divisor of 24 and q?
12
Suppose 0 = -4*h + 3*t - t + 94, 5*h + 4*t = 124. Suppose 5*n - 35322 = -h*n. Calculate the greatest common factor of n and 21.
21
Let k = 71 - 56. Let t be k/(-2)*320/(-12). Let u = t + -104. Calculate the highest common factor of u and 12.
12
Let a be (7/(-42))/(1/(-153))*40. What is the highest common divisor of a and 108?
12
Suppose 168*d - 165*d = 0. Suppose -5*j + d*j + 58 = h, -3*h + 2*j = -242. Suppose 0 = -8*p + 210 + h. What is the highest common factor of 4 and p?
4
Suppose 25*w = 24*w - 2*h + 31, 0 = -4*w + 2*h + 104. Calculate the greatest common divisor of w and 51.
3
Let z = -8713 - -12397. Calculate the highest common factor of 6 and z.
6
Let p = 139 - 201. Let q(w) = 2*w**3 - 3*w**2 - 4*w + 1. Let f be q(4). Let v = f + p. What is the highest common divisor of 69 and v?
3
Suppose 3*w + 2*m - 101 = 0, 2*w - 10*m - 69 = -11*m. Suppose g - w = 123. Calculate the highest common factor of g and 40.
40
Suppose -12*v + 88 = -128. Let x be (0 - 14)*v/(-4). Calculate the highest common divisor of 6 and x.
3
Suppose -2*k + 98 = -746. Let c = k + -254. Let f be (-3)/(-8) + 3465/c. What is the greatest common factor of 84 and f?
21
Let k(c) = c**3 + 10*c**2 + 18*c + 33. Let z be k(-6). What is the highest common factor of 115 and z?
23
Suppose -s - 42 = -3*n, 6*s + 28 = 2*n + 7*s. Suppose 28*z - n*z - 252 = 0. What is the greatest common factor of 54 and z?
18
Let a be (3 - (1 - -3))/((-13)/546). Calculate the greatest common divisor of a and 966.
42
Suppose 25*z + 152 = 28*z - k, -3*k = -2*z + 99. Suppose 2*r - 458 = -2*i - 6, 2*i - 2*r - 432 = 0. What is the greatest common divisor of z and i?
17
Let w(s) = -s**3 - 13*s**2 + 16*s - 18. Let g be (-30)/(-4)*(7 - 10 - -1). Let l be w(g). Calculate the highest common factor of 128 and l.
64
Suppose 0 = -5*d + 3*i + 3, d - 2*i = 2 - 7. Suppose c = -d*g - 2*g + 7, 3*g = 5*c - 7. What is the greatest common factor of c and 50?
2
Let v be ((-6)/(-7))/(2/350). Suppose 98*c - 1033 = 1907. Calculate the greatest common factor of v and c.
30
Let r be 13395/9 + (-22)/(-33). Suppose -11*l + r = 565. Let s(t) = t**2 - 6*t - 4. Let v be s(8). Calculate the highest common divisor of v and l.
12
Let s(j) = -8*j - 56. Let f be s(-8). Let w be (-6)/f*40/(-30). What is the greatest common divisor of 11 and w?
1
Suppose -2*g + 3*w + 41 = -9, 2*w = 5*g - 103. Suppose -5*j = -15, -h - 8 = -4*j + 4. Let p be 39 + 1*(h - 1). Calculate the greatest common divisor of g and p.
19
Suppose 2 = 29*m - 30*m, -5*m + 412 = k. What is the greatest common divisor of k and 18?
2
Let k = -331 - -33. Let j = k + 306. What is the highest common factor of j and 216?
8
Let i = 101 + -94. Suppose 37 = i*x + 2. Calculate the highest common divisor of x and 45.
5
Suppose i - 3*l - 112 = 0, i - 5*l - 223 = -i. Let b be 2/(-8)*-3 - (-651)/12. Suppose -i*g + 114*g = b. What is the highest common divisor of 187 and g?
11
Let r = -25605 + 26319. What is the highest common divisor of 3264 and r?
102
Let g be 24/8 - -38686 - 2*3. Let n be (-3)/2 + 1 + g/766. Calculate the greatest common factor of n and 75.
25
Let r(d) be the third derivative of 53*d**4/6 + 22*d**3/3 - 108*d**2 + 2*d. Let j be r(1). What is the highest common divisor of j and 48?
16
Suppose 5*l - 149 = -4*f, 3*f + 25 = -3*l + 112. Suppose 5*w + 5*j = 1255, w - 5*j = 3*w - 463. What is the highest common divisor of l and w?
33
Let a be (41 + 3)*4/8. Suppose 0 = a*t - 15*t - 3584. Suppose -v - k + 136 = 0, k + t = 4*v - 27. What is the greatest common divisor of 15 and v?
15
Let i(f) = 4*f**2 - 19*f - 2*f + 14*f**2 - 22 - f**3. Let y be i(16). What is the highest common factor of 66 and y?
22
Let x(q) = -2*q**3 - 3*q**2 + 3*q - 4. Let j be x(-3). Let i(l) = 25*l**2 - 620*l - 13. Let o be i(25). Calculate the highest common divisor of o and j.
14
Let d be (8/(-6))/((-22)/66). Suppose -3349 = -d*o + 2171. Calculate the greatest common factor of 15 and o.
15
Suppose 2*v - 2*i - 526 = 0, 5*v - 1225 - 98 = 3*i. Calculate the highest common divisor of 6 and v.
3
Let z(x) = -x**3 - 7*x**2 - 5*x + 3. Let u be z(-6). Let q be 4*(u - (-13)/4)*2. Let n be (-2)/4*(-8 + 4). What is the highest common factor of q and n?
2
Let v be 2088/(-3) + -1 + 1. Let n be -2*2/(-8)*v/(-1). Suppose 2*f - n = -4*f. Calculate the highest common factor of f and 29.
29
Suppose -h = 5*i - 65, 2*h - 5 + 18 = i. Let d = -94 - -136. Suppose -s - 47*m + 236 = -d*m, 2*s - 5*m = 427. Calculate the greatest common